[INFO] fetching crate lunatic 0.13.1...
[INFO] checking lunatic-0.13.1 against master#e6e4f7ed1589e03bc2f6c5931c1a72e7947e8682 for beta-170-4
[INFO] extracting crate lunatic 0.13.1 into /workspace/builds/worker-1-tc2/source
[INFO] validating manifest of crates.io crate lunatic 0.13.1 on toolchain e6e4f7ed1589e03bc2f6c5931c1a72e7947e8682
[INFO] running `Command { std: CARGO_HOME="/workspace/cargo-home" RUSTUP_HOME="/workspace/rustup-home" "/workspace/cargo-home/bin/cargo" "+e6e4f7ed1589e03bc2f6c5931c1a72e7947e8682" "metadata" "--manifest-path" "Cargo.toml" "--no-deps", kill_on_drop: false }`
[INFO] removed /workspace/builds/worker-1-tc2/source/.cargo/config.toml
[INFO] started tweaking crates.io crate lunatic 0.13.1
[INFO] removed 0 missing tests
[INFO] finished tweaking crates.io crate lunatic 0.13.1
[INFO] tweaked toml for crates.io crate lunatic 0.13.1 written to /workspace/builds/worker-1-tc2/source/Cargo.toml
[INFO] crate crates.io crate lunatic 0.13.1 already has a lockfile, it will not be regenerated
[INFO] running `Command { std: CARGO_HOME="/workspace/cargo-home" RUSTUP_HOME="/workspace/rustup-home" "/workspace/cargo-home/bin/cargo" "+e6e4f7ed1589e03bc2f6c5931c1a72e7947e8682" "fetch" "--manifest-path" "Cargo.toml", kill_on_drop: false }`
[INFO] running `Command { std: "docker" "create" "-v" "/var/lib/crater-agent-workspace/builds/worker-1-tc2/target:/opt/rustwide/target:rw,Z" "-v" "/var/lib/crater-agent-workspace/builds/worker-1-tc2/source:/opt/rustwide/workdir:ro,Z" "-v" "/var/lib/crater-agent-workspace/cargo-home:/opt/rustwide/cargo-home:ro,Z" "-v" "/var/lib/crater-agent-workspace/rustup-home:/opt/rustwide/rustup-home:ro,Z" "-e" "SOURCE_DIR=/opt/rustwide/workdir" "-e" "CARGO_TARGET_DIR=/opt/rustwide/target" "-e" "CARGO_HOME=/opt/rustwide/cargo-home" "-e" "RUSTUP_HOME=/opt/rustwide/rustup-home" "-w" "/opt/rustwide/workdir" "-m" "1610612736" "--user" "0:0" "--network" "none" "ghcr.io/rust-lang/crates-build-env/linux@sha256:19e73879b68f455e41552ea35293514db52ea292d993f571636dbffedb77a1ee" "/opt/rustwide/cargo-home/bin/cargo" "+e6e4f7ed1589e03bc2f6c5931c1a72e7947e8682" "metadata" "--no-deps" "--format-version=1", kill_on_drop: false }`
[INFO] [stdout] 2ba384ef3dc268f5a73d082aee42e1a96fb2a40a1aca2337ff18a79a79ce0bc3
[INFO] running `Command { std: "docker" "start" "-a" "2ba384ef3dc268f5a73d082aee42e1a96fb2a40a1aca2337ff18a79a79ce0bc3", kill_on_drop: false }`
[INFO] running `Command { std: "docker" "inspect" "2ba384ef3dc268f5a73d082aee42e1a96fb2a40a1aca2337ff18a79a79ce0bc3", kill_on_drop: false }`
[INFO] running `Command { std: "docker" "rm" "-f" "2ba384ef3dc268f5a73d082aee42e1a96fb2a40a1aca2337ff18a79a79ce0bc3", kill_on_drop: false }`
[INFO] [stdout] 2ba384ef3dc268f5a73d082aee42e1a96fb2a40a1aca2337ff18a79a79ce0bc3
[INFO] running `Command { std: "docker" "create" "-v" "/var/lib/crater-agent-workspace/builds/worker-1-tc2/target:/opt/rustwide/target:rw,Z" "-v" "/var/lib/crater-agent-workspace/builds/worker-1-tc2/source:/opt/rustwide/workdir:ro,Z" "-v" "/var/lib/crater-agent-workspace/cargo-home:/opt/rustwide/cargo-home:ro,Z" "-v" "/var/lib/crater-agent-workspace/rustup-home:/opt/rustwide/rustup-home:ro,Z" "-e" "SOURCE_DIR=/opt/rustwide/workdir" "-e" "CARGO_TARGET_DIR=/opt/rustwide/target" "-e" "CARGO_INCREMENTAL=0" "-e" "RUST_BACKTRACE=full" "-e" "RUSTFLAGS=--cap-lints=forbid" "-e" "RUSTDOCFLAGS=--cap-lints=forbid" "-e" "CARGO_HOME=/opt/rustwide/cargo-home" "-e" "RUSTUP_HOME=/opt/rustwide/rustup-home" "-w" "/opt/rustwide/workdir" "-m" "1610612736" "--user" "0:0" "--network" "none" "ghcr.io/rust-lang/crates-build-env/linux@sha256:19e73879b68f455e41552ea35293514db52ea292d993f571636dbffedb77a1ee" "/opt/rustwide/cargo-home/bin/cargo" "+e6e4f7ed1589e03bc2f6c5931c1a72e7947e8682" "check" "--frozen" "--all" "--all-targets" "--message-format=json", kill_on_drop: false }`
[INFO] [stdout] bed0cc3f695431895fd74b7a63ff902f391014283f70819b0880a9aa03a79ec9
[INFO] running `Command { std: "docker" "start" "-a" "bed0cc3f695431895fd74b7a63ff902f391014283f70819b0880a9aa03a79ec9", kill_on_drop: false }`
[INFO] [stderr]    Compiling proc-macro2 v1.0.56
[INFO] [stderr]    Compiling quote v1.0.26
[INFO] [stderr]    Compiling syn v1.0.103
[INFO] [stderr]    Compiling serde_derive v1.0.147
[INFO] [stderr]    Compiling serde v1.0.147
[INFO] [stderr]    Compiling ident_case v1.0.1
[INFO] [stderr]    Compiling fnv v1.0.7
[INFO] [stderr]    Compiling indexmap v1.9.1
[INFO] [stderr]    Compiling libc v0.2.141
[INFO] [stderr]    Compiling serde_json v1.0.87
[INFO] [stderr]    Compiling num-traits v0.2.15
[INFO] [stderr]     Checking either v1.8.0
[INFO] [stderr]    Compiling thiserror v1.0.37
[INFO] [stderr]     Checking hashbrown v0.12.3
[INFO] [stderr]     Checking ciborium-io v0.2.0
[INFO] [stderr]    Compiling rustversion v1.0.12
[INFO] [stderr]     Checking half v1.8.2
[INFO] [stderr]     Checking os_str_bytes v6.4.0
[INFO] [stderr]     Checking itoa v1.0.4
[INFO] [stderr]     Checking itertools v0.10.5
[INFO] [stderr]     Checking ciborium-ll v0.2.0
[INFO] [stderr]     Checking clap_lex v0.2.4
[INFO] [stderr]    Compiling convert_case v0.6.0
[INFO] [stderr]     Checking cast v0.3.0
[INFO] [stderr]     Checking same-file v1.0.6
[INFO] [stderr]     Checking regex-syntax v0.6.28
[INFO] [stderr]     Checking textwrap v0.16.0
[INFO] [stderr]     Checking atty v0.2.14
[INFO] [stderr]     Checking walkdir v2.3.2
[INFO] [stderr]     Checking oorandom v11.1.3
[INFO] [stderr]     Checking anes v0.1.6
[INFO] [stderr]     Checking clap v3.2.23
[INFO] [stderr]     Checking lunatic-sys v0.13.0
[INFO] [stderr]    Compiling paste v1.0.9
[INFO] [stderr]     Checking criterion-plot v0.5.0
[INFO] [stderr]     Checking regex v1.7.0
[INFO] [stderr]    Compiling darling_core v0.14.4
[INFO] [stderr]    Compiling thiserror-impl v1.0.37
[INFO] [stderr]    Compiling lunatic-test v0.13.0
[INFO] [stderr]    Compiling darling_macro v0.14.4
[INFO] [stderr]    Compiling darling v0.14.4
[INFO] [stderr]    Compiling lunatic-macros v0.13.0
[INFO] [stderr]     Checking ciborium v0.2.0
[INFO] [stderr]     Checking bincode v1.3.3
[INFO] [stderr]     Checking serde_bytes v0.11.7
[INFO] [stderr]     Checking lunatic v0.13.1 (/opt/rustwide/workdir)
[INFO] [stderr]     Checking tinytemplate v1.2.1
[INFO] [stderr]     Checking criterion v0.4.0
[INFO] [stdout] error: functions used as tests can not have any arguments
[INFO] [stdout]   --> tests/messaging.rs:48:1
[INFO] [stdout]    |
[INFO] [stdout] 48 | / fn message_resource(mailbox: Mailbox<Proc>) {
[INFO] [stdout] 49 | |     let this = mailbox.this();
[INFO] [stdout] 50 | |     Process::spawn(this, |parent, _: Mailbox<()>| {
[INFO] [stdout] 51 | |         let empty_proc = Process::spawn((), |_, _: Mailbox<i32>| {});
[INFO] [stdout] ...  |
[INFO] [stdout] 59 | |     let _ = mailbox.receive();
[INFO] [stdout] 60 | | }
[INFO] [stdout]    | |_^
[INFO] [stdout] 
[INFO] [stdout] 
[INFO] [stdout] error: functions used as tests can not have any arguments
[INFO] [stdout]    --> tests/messaging.rs:71:1
[INFO] [stdout]     |
[INFO] [stdout] 71  | / fn request_reply(mailbox: Mailbox<u64>) {
[INFO] [stdout] 72  | |     struct Adder;
[INFO] [stdout] 73  | |     impl AbstractProcess for Adder {
[INFO] [stdout] 74  | |         type Arg = ();
[INFO] [stdout] ...   |
[INFO] [stdout] 108 | |     }
[INFO] [stdout] 109 | | }
[INFO] [stdout]     | |_^
[INFO] [stdout] 
[INFO] [stdout] 
[INFO] [stdout] error: functions used as tests can not have any arguments
[INFO] [stdout]    --> tests/messaging.rs:112:1
[INFO] [stdout]     |
[INFO] [stdout] 112 | / fn timeout(mailbox: Mailbox<u64>) {
[INFO] [stdout] 113 | |     let result = mailbox.receive_timeout(Duration::new(0, 10_000)); // 10 us
[INFO] [stdout] 114 | |     assert!(result.unwrap_err().is_timed_out())
[INFO] [stdout] 115 | | }
[INFO] [stdout]     | |_^
[INFO] [stdout] 
[INFO] [stdout] 
[INFO] [stdout] error[E0432]: unresolved import `lunatic::serializer::Json`
[INFO] [stdout]  --> tests/messaging.rs:5:5
[INFO] [stdout]   |
[INFO] [stdout] 5 | use lunatic::serializer::Json;
[INFO] [stdout]   |     ^^^^^^^^^^^^^^^^^^^^^^^^^ no `Json` in `serializer`
[INFO] [stdout] 
[INFO] [stdout] 
[INFO] [stdout] error[E0432]: unresolved imports `lunatic::serializer::Json`, `lunatic::serializer::MessagePack`
[INFO] [stdout]  --> tests/supervisor.rs:5:27
[INFO] [stdout]   |
[INFO] [stdout] 5 | use lunatic::serializer::{Json, MessagePack};
[INFO] [stdout]   |                           ^^^^  ^^^^^^^^^^^ no `MessagePack` in `serializer`
[INFO] [stdout]   |                           |
[INFO] [stdout]   |                           no `Json` in `serializer`
[INFO] [stdout] 
[INFO] [stdout] 
[INFO] [stdout] error: impl method assumes more implied bounds than the corresponding trait method
[INFO] [stdout]   --> tests/supervisor.rs:37:5
[INFO] [stdout]    |
[INFO] [stdout] 37 |     fn handle(mut state: State<Self>, request: LogEvent) -> Self::Response {
[INFO] [stdout]    |     ^^^^^^^^^^^^^^^^^^^^^^^^^^^^^^^^^^^^^^^^^^^^^^^^^^^^^^^^^^^^^^^^^^^^^^
[INFO] [stdout]    |
[INFO] [stdout]    = warning: this was previously accepted by the compiler but is being phased out; it will become a hard error in a future release!
[INFO] [stdout]    = note: for more information, see issue #105572 <https://github.com/rust-lang/rust/issues/105572>
[INFO] [stdout]    = note: `#[deny(implied_bounds_entailment)]` on by default
[INFO] [stdout] 
[INFO] [stdout] 
[INFO] [stdout] error: aborting due to 4 previous errors
[INFO] [stdout] 
[INFO] [stdout] 
[INFO] [stdout] For more information about this error, try `rustc --explain E0432`.
[INFO] [stdout] 
[INFO] [stdout] error: impl method assumes more implied bounds than the corresponding trait method
[INFO] [stdout]   --> tests/supervisor.rs:47:5
[INFO] [stdout]    |
[INFO] [stdout] 47 |     fn handle(mut state: State<Self>, _request: TakeLogs) -> Self::Response {
[INFO] [stdout]    |     ^^^^^^^^^^^^^^^^^^^^^^^^^^^^^^^^^^^^^^^^^^^^^^^^^^^^^^^^^^^^^^^^^^^^^^^
[INFO] [stdout]    |
[INFO] [stdout]    = warning: this was previously accepted by the compiler but is being phased out; it will become a hard error in a future release!
[INFO] [stdout]    = note: for more information, see issue #105572 <https://github.com/rust-lang/rust/issues/105572>
[INFO] [stdout] 
[INFO] [stdout] 
[INFO] [stdout] error[E0432]: unresolved import `lunatic::serializer::MessagePack`
[INFO] [stdout]  --> examples/request_response.rs:3:5
[INFO] [stdout]   |
[INFO] [stdout] 3 | use lunatic::serializer::MessagePack;
[INFO] [stdout]   |     ^^^^^^^^^^^^^^^^^^^^^^^^^^^^^^^^ no `MessagePack` in `serializer`
[INFO] [stdout] 
[INFO] [stdout] 
[INFO] [stdout] error: aborting due to previous error
[INFO] [stdout] 
[INFO] [stdout] 
[INFO] [stdout] For more information about this error, try `rustc --explain E0432`.
[INFO] [stdout] 
[INFO] [stderr] error: could not compile `lunatic` (test "messaging") due to 5 previous errors
[INFO] [stderr] warning: build failed, waiting for other jobs to finish...
[INFO] [stderr] error: could not compile `lunatic` (example "request_response") due to 2 previous errors
[INFO] [stdout] error: aborting due to 3 previous errors
[INFO] [stdout] 
[INFO] [stdout] 
[INFO] [stdout] For more information about this error, try `rustc --explain E0432`.
[INFO] [stdout] 
[INFO] [stderr] error: could not compile `lunatic` (test "supervisor") due to 6 previous errors
[INFO] [stdout] error[E0433]: failed to resolve: could not find `Json` in `serializer`
[INFO] [stdout]    --> benches/serializer.rs:318:44
[INFO] [stdout]     |
[INFO] [stdout] 318 |             black_box(lunatic::serializer::Json::encode(&AGE).unwrap());
[INFO] [stdout]     |                                            ^^^^ could not find `Json` in `serializer`
[INFO] [stdout] 
[INFO] [stdout] 
[INFO] [stdout] error[E0433]: failed to resolve: could not find `Json` in `serializer`
[INFO] [stdout]    --> benches/serializer.rs:330:44
[INFO] [stdout]     |
[INFO] [stdout] 330 |             black_box(lunatic::serializer::Json::encode(&login_data()).unwrap());
[INFO] [stdout]     |                                            ^^^^ could not find `Json` in `serializer`
[INFO] [stdout] 
[INFO] [stdout] 
[INFO] [stdout] error[E0433]: failed to resolve: could not find `Json` in `serializer`
[INFO] [stdout]    --> benches/serializer.rs:342:44
[INFO] [stdout]     |
[INFO] [stdout] 342 |             black_box(lunatic::serializer::Json::encode(&big_data()).unwrap());
[INFO] [stdout]     |                                            ^^^^ could not find `Json` in `serializer`
[INFO] [stdout] 
[INFO] [stdout] 
[INFO] [stdout] error[E0433]: failed to resolve: could not find `Json` in `serializer`
[INFO] [stdout]    --> benches/serializer.rs:354:44
[INFO] [stdout]     |
[INFO] [stdout] 354 |             black_box(lunatic::serializer::Json::encode(&user_data()).unwrap());
[INFO] [stdout]     |                                            ^^^^ could not find `Json` in `serializer`
[INFO] [stdout] 
[INFO] [stdout] 
[INFO] [stdout] error: aborting due to 4 previous errors
[INFO] [stdout] 
[INFO] [stdout] 
[INFO] [stdout] For more information about this error, try `rustc --explain E0433`.
[INFO] [stdout] 
[INFO] [stderr] error: could not compile `lunatic` (bench "serializer") due to 5 previous errors
[INFO] running `Command { std: "docker" "inspect" "bed0cc3f695431895fd74b7a63ff902f391014283f70819b0880a9aa03a79ec9", kill_on_drop: false }`
[INFO] running `Command { std: "docker" "rm" "-f" "bed0cc3f695431895fd74b7a63ff902f391014283f70819b0880a9aa03a79ec9", kill_on_drop: false }`
[INFO] [stdout] bed0cc3f695431895fd74b7a63ff902f391014283f70819b0880a9aa03a79ec9
